{"id":8645,"date":"2020-02-23T16:48:22","date_gmt":"2020-02-23T15:48:22","guid":{"rendered":"https:\/\/kanu-gruppe-wilster.de\/wp-content\/uploads\/2020\/02\/Sch\u00fcler-und-Jugend-Rangliste-der-Jahrg\u00e4nge.jpg"},"modified":"2020-02-23T16:48:22","modified_gmt":"2020-02-23T15:48:22","slug":"schueler-und-jugend-rangliste-der-jahrgaenge","status":"inherit","type":"attachment","link":"https:\/\/kanu-gruppe-wilster.de\/index.php\/landeskanuverbandstag-in-toenning\/schueler-und-jugend-rangliste-der-jahrgaenge\/","title":{"rendered":"Sch\u00fcler-und-Jugend-Rangliste-der-Jahrg\u00e4nge"},"author":2,"comment_status":"open","ping_status":"closed","template":"","meta":{"ngg_post_thumbnail":0},"yoast_head":"<!-- This site is optimized with the Yoast SEO plugin v19.0 - https:\/\/yoast.com\/wordpress\/plugins\/seo\/ -->\n<title>Sch\u00fcler-und-Jugend-Rangliste-der-Jahrg\u00e4nge &ndash; Kanu Gruppe Wilster e.V.<\/title>\n<meta name=\"robots\" content=\"index, follow, max-snippet:-1, max-image-preview:large, max-video-preview:-1\" \/>\n<link rel=\"canonical\" href=\"https:\/\/kanu-gruppe-wilster.de\/wp-content\/uploads\/2020\/02\/Sch\u00fcler-und-Jugend-Rangliste-der-Jahrg\u00e4nge.jpg\" \/>\n<meta property=\"og:locale\" content=\"de_DE\" \/>\n<meta property=\"og:type\" content=\"article\" \/>\n<meta property=\"og:title\" content=\"Sch\u00fcler-und-Jugend-Rangliste-der-Jahrg\u00e4nge &ndash; Kanu Gruppe Wilster e.V.\" \/>\n<meta property=\"og:url\" content=\"https:\/\/kanu-gruppe-wilster.de\/wp-content\/uploads\/2020\/02\/Sch\u00fcler-und-Jugend-Rangliste-der-Jahrg\u00e4nge.jpg\" \/>\n<meta property=\"og:site_name\" content=\"Kanu Gruppe Wilster e.V.\" \/>\n<meta property=\"og:image\" content=\"https:\/\/kanu-gruppe-wilster.de\/wp-content\/uploads\/2020\/02\/Sch\u00fcler-und-Jugend-Rangliste-der-Jahrg\u00e4nge.jpg\" \/>\n\t<meta property=\"og:image:width\" content=\"690\" \/>\n\t<meta property=\"og:image:height\" content=\"873\" \/>\n\t<meta property=\"og:image:type\" content=\"image\/jpeg\" \/>\n<meta name=\"twitter:card\" content=\"summary\" \/>\n<script type=\"application\/ld+json\" class=\"yoast-schema-graph\">{\"@context\":\"https:\/\/schema.org\",\"@graph\":[{\"@type\":\"WebSite\",\"@id\":\"https:\/\/kanu-gruppe-wilster.de\/#website\",\"url\":\"https:\/\/kanu-gruppe-wilster.de\/\",\"name\":\"Kanu Gruppe Wilster e.V.\",\"description\":\"Kanuverein an der Wilster Au\",\"potentialAction\":[{\"@type\":\"SearchAction\",\"target\":{\"@type\":\"EntryPoint\",\"urlTemplate\":\"https:\/\/kanu-gruppe-wilster.de\/?s={search_term_string}\"},\"query-input\":\"required name=search_term_string\"}],\"inLanguage\":\"de\"},{\"@type\":\"WebPage\",\"@id\":\"https:\/\/kanu-gruppe-wilster.de\/wp-content\/uploads\/2020\/02\/Sch\u00fcler-und-Jugend-Rangliste-der-Jahrg\u00e4nge.jpg#webpage\",\"url\":\"https:\/\/kanu-gruppe-wilster.de\/wp-content\/uploads\/2020\/02\/Sch\u00fcler-und-Jugend-Rangliste-der-Jahrg\u00e4nge.jpg\",\"name\":\"Sch\u00fcler-und-Jugend-Rangliste-der-Jahrg\u00e4nge &ndash; Kanu Gruppe Wilster e.V.\",\"isPartOf\":{\"@id\":\"https:\/\/kanu-gruppe-wilster.de\/#website\"},\"datePublished\":\"2020-02-23T15:48:22+00:00\",\"dateModified\":\"2020-02-23T15:48:22+00:00\",\"breadcrumb\":{\"@id\":\"https:\/\/kanu-gruppe-wilster.de\/wp-content\/uploads\/2020\/02\/Sch\u00fcler-und-Jugend-Rangliste-der-Jahrg\u00e4nge.jpg#breadcrumb\"},\"inLanguage\":\"de\",\"potentialAction\":[{\"@type\":\"ReadAction\",\"target\":[\"https:\/\/kanu-gruppe-wilster.de\/wp-content\/uploads\/2020\/02\/Sch\u00fcler-und-Jugend-Rangliste-der-Jahrg\u00e4nge.jpg\"]}]},{\"@type\":\"BreadcrumbList\",\"@id\":\"https:\/\/kanu-gruppe-wilster.de\/wp-content\/uploads\/2020\/02\/Sch\u00fcler-und-Jugend-Rangliste-der-Jahrg\u00e4nge.jpg#breadcrumb\",\"itemListElement\":[{\"@type\":\"ListItem\",\"position\":1,\"name\":\"Startseite\",\"item\":\"https:\/\/kanu-gruppe-wilster.de\/\"},{\"@type\":\"ListItem\",\"position\":2,\"name\":\"Landeskanuverbandstag in T\u00f6nning\",\"item\":\"https:\/\/kanu-gruppe-wilster.de\/index.php\/landeskanuverbandstag-in-toenning\/\"},{\"@type\":\"ListItem\",\"position\":3,\"name\":\"Sch\u00fcler-und-Jugend-Rangliste-der-Jahrg\u00e4nge\"}]}]}<\/script>\n<!-- \/ Yoast SEO plugin. -->","yoast_head_json":{"title":"Sch\u00fcler-und-Jugend-Rangliste-der-Jahrg\u00e4nge &ndash; Kanu Gruppe Wilster e.V.","robots":{"index":"index","follow":"follow","max-snippet":"max-snippet:-1","max-image-preview":"max-image-preview:large","max-video-preview":"max-video-preview:-1"},"canonical":"https:\/\/kanu-gruppe-wilster.de\/wp-content\/uploads\/2020\/02\/Sch\u00fcler-und-Jugend-Rangliste-der-Jahrg\u00e4nge.jpg","og_locale":"de_DE","og_type":"article","og_title":"Sch\u00fcler-und-Jugend-Rangliste-der-Jahrg\u00e4nge &ndash; Kanu Gruppe Wilster e.V.","og_url":"https:\/\/kanu-gruppe-wilster.de\/wp-content\/uploads\/2020\/02\/Sch\u00fcler-und-Jugend-Rangliste-der-Jahrg\u00e4nge.jpg","og_site_name":"Kanu Gruppe Wilster e.V.","og_image":[{"width":690,"height":873,"url":"https:\/\/kanu-gruppe-wilster.de\/wp-content\/uploads\/2020\/02\/Sch\u00fcler-und-Jugend-Rangliste-der-Jahrg\u00e4nge.jpg","type":"image\/jpeg"}],"twitter_card":"summary","schema":{"@context":"https:\/\/schema.org","@graph":[{"@type":"WebSite","@id":"https:\/\/kanu-gruppe-wilster.de\/#website","url":"https:\/\/kanu-gruppe-wilster.de\/","name":"Kanu Gruppe Wilster e.V.","description":"Kanuverein an der Wilster Au","potentialAction":[{"@type":"SearchAction","target":{"@type":"EntryPoint","urlTemplate":"https:\/\/kanu-gruppe-wilster.de\/?s={search_term_string}"},"query-input":"required name=search_term_string"}],"inLanguage":"de"},{"@type":"WebPage","@id":"https:\/\/kanu-gruppe-wilster.de\/wp-content\/uploads\/2020\/02\/Sch\u00fcler-und-Jugend-Rangliste-der-Jahrg\u00e4nge.jpg#webpage","url":"https:\/\/kanu-gruppe-wilster.de\/wp-content\/uploads\/2020\/02\/Sch\u00fcler-und-Jugend-Rangliste-der-Jahrg\u00e4nge.jpg","name":"Sch\u00fcler-und-Jugend-Rangliste-der-Jahrg\u00e4nge &ndash; Kanu Gruppe Wilster e.V.","isPartOf":{"@id":"https:\/\/kanu-gruppe-wilster.de\/#website"},"datePublished":"2020-02-23T15:48:22+00:00","dateModified":"2020-02-23T15:48:22+00:00","breadcrumb":{"@id":"https:\/\/kanu-gruppe-wilster.de\/wp-content\/uploads\/2020\/02\/Sch\u00fcler-und-Jugend-Rangliste-der-Jahrg\u00e4nge.jpg#breadcrumb"},"inLanguage":"de","potentialAction":[{"@type":"ReadAction","target":["https:\/\/kanu-gruppe-wilster.de\/wp-content\/uploads\/2020\/02\/Sch\u00fcler-und-Jugend-Rangliste-der-Jahrg\u00e4nge.jpg"]}]},{"@type":"BreadcrumbList","@id":"https:\/\/kanu-gruppe-wilster.de\/wp-content\/uploads\/2020\/02\/Sch\u00fcler-und-Jugend-Rangliste-der-Jahrg\u00e4nge.jpg#breadcrumb","itemListElement":[{"@type":"ListItem","position":1,"name":"Startseite","item":"https:\/\/kanu-gruppe-wilster.de\/"},{"@type":"ListItem","position":2,"name":"Landeskanuverbandstag in T\u00f6nning","item":"https:\/\/kanu-gruppe-wilster.de\/index.php\/landeskanuverbandstag-in-toenning\/"},{"@type":"ListItem","position":3,"name":"Sch\u00fcler-und-Jugend-Rangliste-der-Jahrg\u00e4nge"}]}]}},"description":{"rendered":"<p class=\"attachment\"><a href='https:\/\/kanu-gruppe-wilster.de\/wp-content\/uploads\/2020\/02\/Sch\u00fcler-und-Jugend-Rangliste-der-Jahrg\u00e4nge.jpg'><img width=\"237\" height=\"300\" src=\"https:\/\/kanu-gruppe-wilster.de\/wp-content\/uploads\/2020\/02\/Sch\u00fcler-und-Jugend-Rangliste-der-Jahrg\u00e4nge-237x300.jpg\" class=\"attachment-medium size-medium\" alt=\"\" loading=\"lazy\" srcset=\"https:\/\/kanu-gruppe-wilster.de\/wp-content\/uploads\/2020\/02\/Sch\u00fcler-und-Jugend-Rangliste-der-Jahrg\u00e4nge-237x300.jpg 237w, https:\/\/kanu-gruppe-wilster.de\/wp-content\/uploads\/2020\/02\/Sch\u00fcler-und-Jugend-Rangliste-der-Jahrg\u00e4nge-148x187.jpg 148w, https:\/\/kanu-gruppe-wilster.de\/wp-content\/uploads\/2020\/02\/Sch\u00fcler-und-Jugend-Rangliste-der-Jahrg\u00e4nge.jpg 690w\" sizes=\"(max-width: 237px) 100vw, 237px\" \/><\/a><\/p>\n"},"caption":{"rendered":""},"alt_text":"","media_type":"image","mime_type":"image\/jpeg","media_details":{"width":690,"height":873,"file":"2020\/02\/Sch\u00fcler-und-Jugend-Rangliste-der-Jahrg\u00e4nge.jpg","sizes":{"medium":{"file":"Sch\u00fcler-und-Jugend-Rangliste-der-Jahrg\u00e4nge-237x300.jpg","width":237,"height":300,"mime_type":"image\/jpeg","source_url":"https:\/\/kanu-gruppe-wilster.de\/wp-content\/uploads\/2020\/02\/Sch\u00fcler-und-Jugend-Rangliste-der-Jahrg\u00e4nge-237x300.jpg"},"thumbnail":{"file":"Sch\u00fcler-und-Jugend-Rangliste-der-Jahrg\u00e4nge-150x150.jpg","width":150,"height":150,"mime_type":"image\/jpeg","source_url":"https:\/\/kanu-gruppe-wilster.de\/wp-content\/uploads\/2020\/02\/Sch\u00fcler-und-Jugend-Rangliste-der-Jahrg\u00e4nge-150x150.jpg"},"post-thumbnail":{"file":"Sch\u00fcler-und-Jugend-Rangliste-der-Jahrg\u00e4nge-148x187.jpg","width":148,"height":187,"mime_type":"image\/jpeg","source_url":"https:\/\/kanu-gruppe-wilster.de\/wp-content\/uploads\/2020\/02\/Sch\u00fcler-und-Jugend-Rangliste-der-Jahrg\u00e4nge-148x187.jpg"},"lp_bi_image":{"file":"Sch\u00fcler-und-Jugend-Rangliste-der-Jahrg\u00e4nge-690x350.jpg","width":690,"height":350,"mime_type":"image\/jpeg","source_url":"https:\/\/kanu-gruppe-wilster.de\/wp-content\/uploads\/2020\/02\/Sch\u00fcler-und-Jugend-Rangliste-der-Jahrg\u00e4nge-690x350.jpg"},"full":{"file":"Sch\u00fcler-und-Jugend-Rangliste-der-Jahrg\u00e4nge.jpg","width":690,"height":873,"mime_type":"image\/jpeg","source_url":"https:\/\/kanu-gruppe-wilster.de\/wp-content\/uploads\/2020\/02\/Sch\u00fcler-und-Jugend-Rangliste-der-Jahrg\u00e4nge.jpg"}},"image_meta":{"aperture":"0","credit":"Uwe","camera":"","caption":"","created_timestamp":"1582474839","copyright":"","focal_length":"0","iso":"0","shutter_speed":"0","title":"","orientation":"0","keywords":[]}},"post":8640,"source_url":"https:\/\/kanu-gruppe-wilster.de\/wp-content\/uploads\/2020\/02\/Sch\u00fcler-und-Jugend-Rangliste-der-Jahrg\u00e4nge.jpg","_links":{"self":[{"href":"https:\/\/kanu-gruppe-wilster.de\/index.php\/wp-json\/wp\/v2\/media\/8645"}],"collection":[{"href":"https:\/\/kanu-gruppe-wilster.de\/index.php\/wp-json\/wp\/v2\/media"}],"about":[{"href":"https:\/\/kanu-gruppe-wilster.de\/index.php\/wp-json\/wp\/v2\/types\/attachment"}],"author":[{"embeddable":true,"href":"https:\/\/kanu-gruppe-wilster.de\/index.php\/wp-json\/wp\/v2\/users\/2"}],"replies":[{"embeddable":true,"href":"https:\/\/kanu-gruppe-wilster.de\/index.php\/wp-json\/wp\/v2\/comments?post=8645"}]}}

https://kanu-gruppe-wilster.de/wp-content/uploads/2020/02/Schüler-und-Jugend-Rangliste-der-Jahrgänge.jpg

Schüler-und-Jugend-Rangliste-der-Jahrgänge

<!-- This site is optimized with the Yoast SEO plugin v19.0 - https://yoast.com/wordpress/plugins/seo/ -->
<title>Schüler-und-Jugend-Rangliste-der-Jahrgänge &ndash; Kanu Gruppe Wilster e.V.</title>
<meta name="robots" content="index, follow, max-snippet:-1, max-image-preview:large, max-video-preview:-1" />
<link rel="canonical" href="https://kanu-gruppe-wilster.de/wp-content/uploads/2020/02/Schüler-und-Jugend-Rangliste-der-Jahrgänge.jpg" />
<meta property="og:locale" content="de_DE" />
<meta property="og:type" content="article" />
<meta property="og:title" content="Schüler-und-Jugend-Rangliste-der-Jahrgänge &ndash; Kanu Gruppe Wilster e.V." />
<meta property="og:url" content="https://kanu-gruppe-wilster.de/wp-content/uploads/2020/02/Schüler-und-Jugend-Rangliste-der-Jahrgänge.jpg" />
<meta property="og:site_name" content="Kanu Gruppe Wilster e.V." />
<meta property="og:image" content="https://kanu-gruppe-wilster.de/wp-content/uploads/2020/02/Schüler-und-Jugend-Rangliste-der-Jahrgänge.jpg" />
	<meta property="og:image:width" content="690" />
	<meta property="og:image:height" content="873" />
	<meta property="og:image:type" content="image/jpeg" />
<meta name="twitter:card" content="summary" />
<script type="application/ld+json" class="yoast-schema-graph">{"@context":"https://schema.org","@graph":[{"@type":"WebSite","@id":"https://kanu-gruppe-wilster.de/#website","url":"https://kanu-gruppe-wilster.de/","name":"Kanu Gruppe Wilster e.V.","description":"Kanuverein an der Wilster Au","potentialAction":[{"@type":"SearchAction","target":{"@type":"EntryPoint","urlTemplate":"https://kanu-gruppe-wilster.de/?s={search_term_string}"},"query-input":"required name=search_term_string"}],"inLanguage":"de"},{"@type":"WebPage","@id":"https://kanu-gruppe-wilster.de/wp-content/uploads/2020/02/Schüler-und-Jugend-Rangliste-der-Jahrgänge.jpg#webpage","url":"https://kanu-gruppe-wilster.de/wp-content/uploads/2020/02/Schüler-und-Jugend-Rangliste-der-Jahrgänge.jpg","name":"Schüler-und-Jugend-Rangliste-der-Jahrgänge &ndash; Kanu Gruppe Wilster e.V.","isPartOf":{"@id":"https://kanu-gruppe-wilster.de/#website"},"datePublished":"2020-02-23T15:48:22+00:00","dateModified":"2020-02-23T15:48:22+00:00","breadcrumb":{"@id":"https://kanu-gruppe-wilster.de/wp-content/uploads/2020/02/Schüler-und-Jugend-Rangliste-der-Jahrgänge.jpg#breadcrumb"},"inLanguage":"de","potentialAction":[{"@type":"ReadAction","target":["https://kanu-gruppe-wilster.de/wp-content/uploads/2020/02/Schüler-und-Jugend-Rangliste-der-Jahrgänge.jpg"]}]},{"@type":"BreadcrumbList","@id":"https://kanu-gruppe-wilster.de/wp-content/uploads/2020/02/Schüler-und-Jugend-Rangliste-der-Jahrgänge.jpg#breadcrumb","itemListElement":[{"@type":"ListItem","position":1,"name":"Startseite","item":"https://kanu-gruppe-wilster.de/"},{"@type":"ListItem","position":2,"name":"Landeskanuverbandstag in Tönning","item":"https://kanu-gruppe-wilster.de/index.php/landeskanuverbandstag-in-toenning/"},{"@type":"ListItem","position":3,"name":"Schüler-und-Jugend-Rangliste-der-Jahrgänge"}]}]}</script>
<!-- / Yoast SEO plugin. -->

Schüler-und-Jugend-Rangliste-der-Jahrgänge &ndash; Kanu Gruppe Wilster e.V.

https://kanu-gruppe-wilster.de/wp-content/uploads/2020/02/Schüler-und-Jugend-Rangliste-der-Jahrgänge.jpg#webpage

https://kanu-gruppe-wilster.de/wp-content/uploads/2020/02/Schüler-und-Jugend-Rangliste-der-Jahrgänge.jpg#breadcrumb

Landeskanuverbandstag in Tönning

<p class="attachment"><a href='https://kanu-gruppe-wilster.de/wp-content/uploads/2020/02/Schüler-und-Jugend-Rangliste-der-Jahrgänge.jpg'><img width="237" height="300" src="https://kanu-gruppe-wilster.de/wp-content/uploads/2020/02/Schüler-und-Jugend-Rangliste-der-Jahrgänge-237x300.jpg" class="attachment-medium size-medium" alt="" loading="lazy" srcset="https://kanu-gruppe-wilster.de/wp-content/uploads/2020/02/Schüler-und-Jugend-Rangliste-der-Jahrgänge-237x300.jpg 237w, https://kanu-gruppe-wilster.de/wp-content/uploads/2020/02/Schüler-und-Jugend-Rangliste-der-Jahrgänge-148x187.jpg 148w, https://kanu-gruppe-wilster.de/wp-content/uploads/2020/02/Schüler-und-Jugend-Rangliste-der-Jahrgänge.jpg 690w" sizes="(max-width: 237px) 100vw, 237px" /></a></p>

2020/02/Schüler-und-Jugend-Rangliste-der-Jahrgänge.jpg

Schüler-und-Jugend-Rangliste-der-Jahrgänge-237x300.jpg

https://kanu-gruppe-wilster.de/wp-content/uploads/2020/02/Schüler-und-Jugend-Rangliste-der-Jahrgänge-237x300.jpg

Schüler-und-Jugend-Rangliste-der-Jahrgänge-150x150.jpg

https://kanu-gruppe-wilster.de/wp-content/uploads/2020/02/Schüler-und-Jugend-Rangliste-der-Jahrgänge-150x150.jpg

Schüler-und-Jugend-Rangliste-der-Jahrgänge-148x187.jpg

https://kanu-gruppe-wilster.de/wp-content/uploads/2020/02/Schüler-und-Jugend-Rangliste-der-Jahrgänge-148x187.jpg

Schüler-und-Jugend-Rangliste-der-Jahrgänge-690x350.jpg

https://kanu-gruppe-wilster.de/wp-content/uploads/2020/02/Schüler-und-Jugend-Rangliste-der-Jahrgänge-690x350.jpg

Schüler-und-Jugend-Rangliste-der-Jahrgänge.jpg
