{"version":"1.0","provider_name":"Kanu Gruppe Wilster e.V.","provider_url":"https:\/\/kanu-gruppe-wilster.de","author_name":"UweMuenster","author_url":"https:\/\/kanu-gruppe-wilster.de\/index.php\/author\/uwemuenster\/","title":"Kanu Gruppe Wilster im Fr\u00fchjahr 2014 &ndash; Kanu Gruppe Wilster e.V.","type":"rich","width":600,"height":338,"html":"<blockquote class=\"wp-embedded-content\" data-secret=\"kXj58RMEEY\"><a href=\"https:\/\/kanu-gruppe-wilster.de\/index.php\/kanu-gruppe-wilster-im-fruhjahr-2014\/\">Kanu Gruppe Wilster im Fr\u00fchjahr 2014<\/a><\/blockquote><iframe sandbox=\"allow-scripts\" security=\"restricted\" src=\"https:\/\/kanu-gruppe-wilster.de\/index.php\/kanu-gruppe-wilster-im-fruhjahr-2014\/embed\/#?secret=kXj58RMEEY\" width=\"600\" height=\"338\" title=\"&#8222;Kanu Gruppe Wilster im Fr\u00fchjahr 2014&#8220; &#8211; Kanu Gruppe Wilster e.V.\" data-secret=\"kXj58RMEEY\" frameborder=\"0\" marginwidth=\"0\" marginheight=\"0\" scrolling=\"no\" class=\"wp-embedded-content\"><\/iframe><script type=\"text\/javascript\">\n\/*! This file is auto-generated *\/\n!function(c,d){\"use strict\";var e=!1,o=!1;if(d.querySelector)if(c.addEventListener)e=!0;if(c.wp=c.wp||{},c.wp.receiveEmbedMessage);else if(c.wp.receiveEmbedMessage=function(e){var t=e.data;if(!t);else if(!(t.secret||t.message||t.value));else if(\/[^a-zA-Z0-9]\/.test(t.secret));else{for(var r,s,a,i=d.querySelectorAll('iframe[data-secret=\"'+t.secret+'\"]'),n=d.querySelectorAll('blockquote[data-secret=\"'+t.secret+'\"]'),o=new RegExp(\"^https?:$\",\"i\"),l=0;l<n.length;l++)n[l].style.display=\"none\";for(l=0;l<i.length;l++)if(r=i[l],e.source!==r.contentWindow);else{if(r.removeAttribute(\"style\"),\"height\"===t.message){if(1e3<(s=parseInt(t.value,10)))s=1e3;else if(~~s<200)s=200;r.height=s}if(\"link\"===t.message)if(s=d.createElement(\"a\"),a=d.createElement(\"a\"),s.href=r.getAttribute(\"src\"),a.href=t.value,!o.test(a.protocol));else if(a.host===s.host)if(d.activeElement===r)c.top.location.href=t.value}}},e)c.addEventListener(\"message\",c.wp.receiveEmbedMessage,!1),d.addEventListener(\"DOMContentLoaded\",t,!1),c.addEventListener(\"load\",t,!1);function t(){if(o);else{o=!0;for(var e,t,r,s=-1!==navigator.appVersion.indexOf(\"MSIE 10\"),a=!!navigator.userAgent.match(\/Trident.*rv:11\\.\/),i=d.querySelectorAll(\"iframe.wp-embedded-content\"),n=0;n<i.length;n++){if(!(r=(t=i[n]).getAttribute(\"data-secret\")))r=Math.random().toString(36).substr(2,10),t.src+=\"#?secret=\"+r,t.setAttribute(\"data-secret\",r);if(s||a)(e=t.cloneNode(!0)).removeAttribute(\"security\"),t.parentNode.replaceChild(e,t);t.contentWindow.postMessage({message:\"ready\",secret:r},\"*\")}}}}(window,document);\n<\/script>\n","description":"In der heutigen Wilsterschen Zeitung (24.04.2014) ist ein ausf\u00fchrlicher Ausblick und ein kleiner R\u00fcckblick auf unsere Aktivit\u00e4ten in diser Fahrtensaison ver\u00f6ffentlicht. Den ausf\u00fchrlichen und gut zulesenden Bericht findet ihr unter dem folgenden link"}

Kanu Gruppe Wilster im Frühjahr 2014 &ndash; Kanu Gruppe Wilster e.V.

<blockquote class="wp-embedded-content" data-secret="kXj58RMEEY"><a href="https://kanu-gruppe-wilster.de/index.php/kanu-gruppe-wilster-im-fruhjahr-2014/">Kanu Gruppe Wilster im Frühjahr 2014</a></blockquote><iframe sandbox="allow-scripts" security="restricted" src="https://kanu-gruppe-wilster.de/index.php/kanu-gruppe-wilster-im-fruhjahr-2014/embed/#?secret=kXj58RMEEY" width="600" height="338" title="&#8222;Kanu Gruppe Wilster im Frühjahr 2014&#8220; &#8211; Kanu Gruppe Wilster e.V." data-secret="kXj58RMEEY" frameborder="0" marginwidth="0" marginheight="0" scrolling="no" class="wp-embedded-content"></iframe><script type="text/javascript">
/*! This file is auto-generated */
!function(c,d){"use strict";var e=!1,o=!1;if(d.querySelector)if(c.addEventListener)e=!0;if(c.wp=c.wp||{},c.wp.receiveEmbedMessage);else if(c.wp.receiveEmbedMessage=function(e){var t=e.data;if(!t);else if(!(t.secret||t.message||t.value));else if(/[^a-zA-Z0-9]/.test(t.secret));else{for(var r,s,a,i=d.querySelectorAll('iframe[data-secret="'+t.secret+'"]'),n=d.querySelectorAll('blockquote[data-secret="'+t.secret+'"]'),o=new RegExp("^https?:$","i"),l=0;l<n.length;l++)n[l].style.display="none";for(l=0;l<i.length;l++)if(r=i[l],e.source!==r.contentWindow);else{if(r.removeAttribute("style"),"height"===t.message){if(1e3<(s=parseInt(t.value,10)))s=1e3;else if(~~s<200)s=200;r.height=s}if("link"===t.message)if(s=d.createElement("a"),a=d.createElement("a"),s.href=r.getAttribute("src"),a.href=t.value,!o.test(a.protocol));else if(a.host===s.host)if(d.activeElement===r)c.top.location.href=t.value}}},e)c.addEventListener("message",c.wp.receiveEmbedMessage,!1),d.addEventListener("DOMContentLoaded",t,!1),c.addEventListener("load",t,!1);function t(){if(o);else{o=!0;for(var e,t,r,s=-1!==navigator.appVersion.indexOf("MSIE 10"),a=!!navigator.userAgent.match(/Trident.*rv:11\./),i=d.querySelectorAll("iframe.wp-embedded-content"),n=0;n<i.length;n++){if(!(r=(t=i[n]).getAttribute("data-secret")))r=Math.random().toString(36).substr(2,10),t.src+="#?secret="+r,t.setAttribute("data-secret",r);if(s||a)(e=t.cloneNode(!0)).removeAttribute("security"),t.parentNode.replaceChild(e,t);t.contentWindow.postMessage({message:"ready",secret:r},"*")}}}}(window,document);
</script>

In der heutigen Wilsterschen Zeitung (24.04.2014) ist ein ausführlicher Ausblick und ein kleiner Rückblick auf unsere Aktivitäten in diser Fahrtensaison veröffentlicht. Den ausführlichen und gut zulesenden Bericht findet ihr unter dem folgenden link
