{"version":"1.0","provider_name":"Kanu Gruppe Wilster e.V.","provider_url":"https:\/\/kanu-gruppe-wilster.de","author_name":"UweMuenster","author_url":"https:\/\/kanu-gruppe-wilster.de\/index.php\/author\/uwemuenster\/","title":"Conny Nimz jetzt an der Spitze &ndash; Kanu Gruppe Wilster e.V.","type":"rich","width":600,"height":338,"html":"<blockquote class=\"wp-embedded-content\" data-secret=\"XAvhQFktw0\"><a href=\"https:\/\/kanu-gruppe-wilster.de\/index.php\/conny-nimz-jetzt-an-der-spitze\/\">Conny Nimz jetzt an der Spitze<\/a><\/blockquote><iframe sandbox=\"allow-scripts\" security=\"restricted\" src=\"https:\/\/kanu-gruppe-wilster.de\/index.php\/conny-nimz-jetzt-an-der-spitze\/embed\/#?secret=XAvhQFktw0\" width=\"600\" height=\"338\" title=\"&#8222;Conny Nimz jetzt an der Spitze&#8220; &#8211; Kanu Gruppe Wilster e.V.\" data-secret=\"XAvhQFktw0\" frameborder=\"0\" marginwidth=\"0\" marginheight=\"0\" scrolling=\"no\" class=\"wp-embedded-content\"><\/iframe><script type=\"text\/javascript\">\n\/*! This file is auto-generated *\/\n!function(c,d){\"use strict\";var e=!1,o=!1;if(d.querySelector)if(c.addEventListener)e=!0;if(c.wp=c.wp||{},c.wp.receiveEmbedMessage);else if(c.wp.receiveEmbedMessage=function(e){var t=e.data;if(!t);else if(!(t.secret||t.message||t.value));else if(\/[^a-zA-Z0-9]\/.test(t.secret));else{for(var r,s,a,i=d.querySelectorAll('iframe[data-secret=\"'+t.secret+'\"]'),n=d.querySelectorAll('blockquote[data-secret=\"'+t.secret+'\"]'),o=new RegExp(\"^https?:$\",\"i\"),l=0;l<n.length;l++)n[l].style.display=\"none\";for(l=0;l<i.length;l++)if(r=i[l],e.source!==r.contentWindow);else{if(r.removeAttribute(\"style\"),\"height\"===t.message){if(1e3<(s=parseInt(t.value,10)))s=1e3;else if(~~s<200)s=200;r.height=s}if(\"link\"===t.message)if(s=d.createElement(\"a\"),a=d.createElement(\"a\"),s.href=r.getAttribute(\"src\"),a.href=t.value,!o.test(a.protocol));else if(a.host===s.host)if(d.activeElement===r)c.top.location.href=t.value}}},e)c.addEventListener(\"message\",c.wp.receiveEmbedMessage,!1),d.addEventListener(\"DOMContentLoaded\",t,!1),c.addEventListener(\"load\",t,!1);function t(){if(o);else{o=!0;for(var e,t,r,s=-1!==navigator.appVersion.indexOf(\"MSIE 10\"),a=!!navigator.userAgent.match(\/Trident.*rv:11\\.\/),i=d.querySelectorAll(\"iframe.wp-embedded-content\"),n=0;n<i.length;n++){if(!(r=(t=i[n]).getAttribute(\"data-secret\")))r=Math.random().toString(36).substr(2,10),t.src+=\"#?secret=\"+r,t.setAttribute(\"data-secret\",r);if(s||a)(e=t.cloneNode(!0)).removeAttribute(\"security\"),t.parentNode.replaceChild(e,t);t.contentWindow.postMessage({message:\"ready\",secret:r},\"*\")}}}}(window,document);\n<\/script>\n","thumbnail_url":null,"thumbnail_width":null,"thumbnail_height":null,"description":"Am Sonntag, den 26.01.2014, fand unsere diesj\u00e4hrige Jahreshauptversammlung statt. Sie war sehr gut besucht &#8211; 34 stimmberechtige Erwachsene, 12 Jugendliche sowie als Gast der Pr\u00e4sident des Landes Kanu Verband SH G\u00fcnter Sch\u00f6ning. Er \u00fcberreichte unserem scheidenden 1. Vorsitzenden Robert Looft die goldene Ehrennadel des Verbandes. Einen ausf\u00fchrlichen Bericht k\u00f6nnt ihr dem Link Bericht der Norddeutschen"}

Am Sonntag, den 26.01.2014, fand unsere diesjährige Jahreshauptversammlung statt. Sie war sehr gut besucht &#8211; 34 stimmberechtige Erwachsene, 12 Jugendliche sowie als Gast der Präsident des Landes Kanu Verband SH Günter Schöning. Er überreichte unserem scheidenden 1. Vorsitzenden Robert Looft die goldene Ehrennadel des Verbandes. Einen ausführlichen Bericht könnt ihr dem Link Bericht der Norddeutschen
