{"version":"1.0","provider_name":"Kanu Gruppe Wilster e.V.","provider_url":"https:\/\/kanu-gruppe-wilster.de","author_name":"UweMuenster","author_url":"https:\/\/kanu-gruppe-wilster.de\/index.php\/author\/uwemuenster\/","title":"Bericht der Jahreshauptversammlung 2016 &ndash; Kanu Gruppe Wilster e.V.","type":"rich","width":600,"height":338,"html":"<blockquote class=\"wp-embedded-content\" data-secret=\"mr4jyvOWge\"><a href=\"https:\/\/kanu-gruppe-wilster.de\/index.php\/bericht-der-jahreshauptversammlung-2016\/\">Bericht der Jahreshauptversammlung 2016<\/a><\/blockquote><iframe sandbox=\"allow-scripts\" security=\"restricted\" src=\"https:\/\/kanu-gruppe-wilster.de\/index.php\/bericht-der-jahreshauptversammlung-2016\/embed\/#?secret=mr4jyvOWge\" width=\"600\" height=\"338\" title=\"&#8222;Bericht der Jahreshauptversammlung 2016&#8220; &#8211; Kanu Gruppe Wilster e.V.\" data-secret=\"mr4jyvOWge\" frameborder=\"0\" marginwidth=\"0\" marginheight=\"0\" scrolling=\"no\" class=\"wp-embedded-content\"><\/iframe><script type=\"text\/javascript\">\n\/*! This file is auto-generated *\/\n!function(c,d){\"use strict\";var e=!1,o=!1;if(d.querySelector)if(c.addEventListener)e=!0;if(c.wp=c.wp||{},c.wp.receiveEmbedMessage);else if(c.wp.receiveEmbedMessage=function(e){var t=e.data;if(!t);else if(!(t.secret||t.message||t.value));else if(\/[^a-zA-Z0-9]\/.test(t.secret));else{for(var r,s,a,i=d.querySelectorAll('iframe[data-secret=\"'+t.secret+'\"]'),n=d.querySelectorAll('blockquote[data-secret=\"'+t.secret+'\"]'),o=new RegExp(\"^https?:$\",\"i\"),l=0;l<n.length;l++)n[l].style.display=\"none\";for(l=0;l<i.length;l++)if(r=i[l],e.source!==r.contentWindow);else{if(r.removeAttribute(\"style\"),\"height\"===t.message){if(1e3<(s=parseInt(t.value,10)))s=1e3;else if(~~s<200)s=200;r.height=s}if(\"link\"===t.message)if(s=d.createElement(\"a\"),a=d.createElement(\"a\"),s.href=r.getAttribute(\"src\"),a.href=t.value,!o.test(a.protocol));else if(a.host===s.host)if(d.activeElement===r)c.top.location.href=t.value}}},e)c.addEventListener(\"message\",c.wp.receiveEmbedMessage,!1),d.addEventListener(\"DOMContentLoaded\",t,!1),c.addEventListener(\"load\",t,!1);function t(){if(o);else{o=!0;for(var e,t,r,s=-1!==navigator.appVersion.indexOf(\"MSIE 10\"),a=!!navigator.userAgent.match(\/Trident.*rv:11\\.\/),i=d.querySelectorAll(\"iframe.wp-embedded-content\"),n=0;n<i.length;n++){if(!(r=(t=i[n]).getAttribute(\"data-secret\")))r=Math.random().toString(36).substr(2,10),t.src+=\"#?secret=\"+r,t.setAttribute(\"data-secret\",r);if(s||a)(e=t.cloneNode(!0)).removeAttribute(\"security\"),t.parentNode.replaceChild(e,t);t.contentWindow.postMessage({message:\"ready\",secret:r},\"*\")}}}}(window,document);\n<\/script>\n","description":"Am 31.01.2016 fand unsere diesj\u00e4hrige Jahreshauptversammlung statt. Die Versammlung verlief harmonisch. Einen ausf\u00fchrlichen Bericht k\u00f6nnt Ihr dem Bericht der WZ (siehe Link) entnehmen. Die \u00dcberschrift des Berichtes beschreibt unseren Vereinssinn sehr treffend &#8222;Teamgeist wichtiger als Top-Leistung&#8220;. In diesem Sinne w\u00fcnscht Eure Kanu Gruppe Wilster allen Kanuten eine tolle Paddelsaison. Bericht WZ vom 07.02.2016"}

Am 31.01.2016 fand unsere diesjährige Jahreshauptversammlung statt. Die Versammlung verlief harmonisch. Einen ausführlichen Bericht könnt Ihr dem Bericht der WZ (siehe Link) entnehmen. Die Überschrift des Berichtes beschreibt unseren Vereinssinn sehr treffend &#8222;Teamgeist wichtiger als Top-Leistung&#8220;. In diesem Sinne wünscht Eure Kanu Gruppe Wilster allen Kanuten eine tolle Paddelsaison. Bericht WZ vom 07.02.2016
