{"version":"1.0","provider_name":"Kanu Gruppe Wilster e.V.","provider_url":"https:\/\/kanu-gruppe-wilster.de","author_name":"UweMuenster","author_url":"https:\/\/kanu-gruppe-wilster.de\/index.php\/author\/uwemuenster\/","title":"Alstergrachtenfahrt 2015 &ndash; Kanu Gruppe Wilster e.V.","type":"rich","width":600,"height":338,"html":"<blockquote class=\"wp-embedded-content\" data-secret=\"C8y8uWBANw\"><a href=\"https:\/\/kanu-gruppe-wilster.de\/index.php\/alstergrachtenfahrt-2015\/\">Alstergrachtenfahrt 2015<\/a><\/blockquote><iframe sandbox=\"allow-scripts\" security=\"restricted\" src=\"https:\/\/kanu-gruppe-wilster.de\/index.php\/alstergrachtenfahrt-2015\/embed\/#?secret=C8y8uWBANw\" width=\"600\" height=\"338\" title=\"&#8222;Alstergrachtenfahrt 2015&#8220; &#8211; Kanu Gruppe Wilster e.V.\" data-secret=\"C8y8uWBANw\" frameborder=\"0\" marginwidth=\"0\" marginheight=\"0\" scrolling=\"no\" class=\"wp-embedded-content\"><\/iframe><script type=\"text\/javascript\">\n\/*! This file is auto-generated *\/\n!function(c,d){\"use strict\";var e=!1,o=!1;if(d.querySelector)if(c.addEventListener)e=!0;if(c.wp=c.wp||{},c.wp.receiveEmbedMessage);else if(c.wp.receiveEmbedMessage=function(e){var t=e.data;if(!t);else if(!(t.secret||t.message||t.value));else if(\/[^a-zA-Z0-9]\/.test(t.secret));else{for(var r,s,a,i=d.querySelectorAll('iframe[data-secret=\"'+t.secret+'\"]'),n=d.querySelectorAll('blockquote[data-secret=\"'+t.secret+'\"]'),o=new RegExp(\"^https?:$\",\"i\"),l=0;l<n.length;l++)n[l].style.display=\"none\";for(l=0;l<i.length;l++)if(r=i[l],e.source!==r.contentWindow);else{if(r.removeAttribute(\"style\"),\"height\"===t.message){if(1e3<(s=parseInt(t.value,10)))s=1e3;else if(~~s<200)s=200;r.height=s}if(\"link\"===t.message)if(s=d.createElement(\"a\"),a=d.createElement(\"a\"),s.href=r.getAttribute(\"src\"),a.href=t.value,!o.test(a.protocol));else if(a.host===s.host)if(d.activeElement===r)c.top.location.href=t.value}}},e)c.addEventListener(\"message\",c.wp.receiveEmbedMessage,!1),d.addEventListener(\"DOMContentLoaded\",t,!1),c.addEventListener(\"load\",t,!1);function t(){if(o);else{o=!0;for(var e,t,r,s=-1!==navigator.appVersion.indexOf(\"MSIE 10\"),a=!!navigator.userAgent.match(\/Trident.*rv:11\\.\/),i=d.querySelectorAll(\"iframe.wp-embedded-content\"),n=0;n<i.length;n++){if(!(r=(t=i[n]).getAttribute(\"data-secret\")))r=Math.random().toString(36).substr(2,10),t.src+=\"#?secret=\"+r,t.setAttribute(\"data-secret\",r);if(s||a)(e=t.cloneNode(!0)).removeAttribute(\"security\"),t.parentNode.replaceChild(e,t);t.contentWindow.postMessage({message:\"ready\",secret:r},\"*\")}}}}(window,document);\n<\/script>\n","description":"Alstergrachten- und Herbstfahrt 2015 Dieses Jahr findet die Alstergrachtenfahrt am Samstag, den 03.10.2015 (Feiertag), statt. Zur Abrundung des Paddelwochenendes bietet der Kanuverein Alstereck am Sonntag, den 04.010.2015, die Herbstfahrt an. Diese f\u00fchrt von Wohldorf bis zum Bootshaus des Alsterecker Kanuverein. Hier bietet sich eine Zelt\u00fcbernachtung an. Startgeb\u00fchr Erwachsenen 11,-\u20ac, Jugendliche 9,-\u20ac. Es gibt im Anschluss"}

Alstergrachten- und Herbstfahrt 2015 Dieses Jahr findet die Alstergrachtenfahrt am Samstag, den 03.10.2015 (Feiertag), statt. Zur Abrundung des Paddelwochenendes bietet der Kanuverein Alstereck am Sonntag, den 04.010.2015, die Herbstfahrt an. Diese führt von Wohldorf bis zum Bootshaus des Alsterecker Kanuverein. Hier bietet sich eine Zeltübernachtung an. Startgebühr Erwachsenen 11,-€, Jugendliche 9,-€. Es gibt im Anschluss
